is 823 + 101?
924
In base 5, what is -202 + -143231?
-143433
In base 9, what is 127 + 2?
130
In base 8, what is -217 - 2342?
-2561
In base 2, what is -1000 + -1001011100010000?
-1001011100011000
In base 2, what is -100101101111000 - -10101?
-100101101100011
In base 3, what is 2 - 102201100?
-102201021
In base 5, what is 423223 + 10?
423233
In base 4, what is -10 - -2223301?
2223231
In base 8, what is -43 + 135516?
135453
In base 4, what is -1020010 - 2102?
-1022112
In base 8, what is 4 + 140444?
140450
In base 10, what is 18313 - 1?
18312
In base 2, what is 11 - 100011110110001?
-100011110101110
In base 13, what is -12 - 9c94?
-9ca6
In base 6, what is 4442 - 1523?
2515
In base 12, what is 2 + -2806?
-2804
In base 6, what is -30005 + -22?
-30031
In base 12, what is 3022 - -18?
303a
In base 4, what is -1 - 10010130?
-10010131
In base 16, what is -13a8bf + 4?
-13a8bb
In base 15, what is -2a7 + -55?
-30c
In base 7, what is 13 - -415?
431
In base 3, what is -21001010 - -1001?
-21000002
In base 13, what is -842a - 14?
-8441
In base 6, what is -421 - -13345?
12524
In base 12, what is 139 + 66?
1a3
In base 15, what is 1605 + -7?
15ed
In base 11, what is -83 + 1159?
1086
In base 8, what is -13215 - 71?
-13306
In base 7, what is 4 - -40161?
40165
In base 5, what is -1 - -420121?
420120
In base 16, what is 341a + -7?
3413
In base 7, what is -52065 + -35?
-52133
In base 15, what is -31 - 939b?
-93cc
In base 8, what is -22367 - -2?
-22365
In base 8, what is -4731 - 575?
-5526
In base 12, what is -a87 - b9?
-b84
In base 3, what is 12 + -1221111?
-1221022
In base 12, what is 69225 + -34?
691b1
In base 7, what is -56 + 1515?
1426
In base 7, what is 14614 - -433?
15350
In base 10, what is -1527 + -25?
-1552
In base 3, what is -1202002 + 110?
-1201122
In base 4, what is -22231 + -111323?
-200220
In base 8, what is 542 - -3345?
4107
In base 11, what is 1648 + 59?
16a6
In base 3, what is -21 + -110222101?
-110222122
In base 10, what is -25 - 14400?
-14425
In base 15, what is 1 + 6057?
6058
In base 13, what is c0 - -79?
169
In base 9, what is -25182 + -118?
-25311
In base 8, what is -73444 + -23?
-73467
In base 9, what is 4 + 41777?
41782
In base 14, what is 4 + -adc66?
-adc62
In base 6, what is 22125 - -2?
22131
In base 6, what is -143 - 2135?
-2322
In base 8, what is -2407506 - 1?
-2407507
In base 3, what is 11 - -122112221?
122120002
In base 16, what is -268 + -1d9?
-441
In base 11, what is 2 - -19520?
19522
In base 13, what is -a8b3 + 4?
-a8ac
In base 14, what is -a + -32a4?
-32b0
In base 3, what is 220120012 - 101?
220112211
In base 4, what is 1233302313 - 2?
1233302311
In base 15, what is 1 + -6330?
-632e
In base 9, what is -328562 + -5?
-328567
In base 5, what is -31004443 - 3?
-31010001
In base 4, what is -11312 - -310?
-11002
In base 5, what is 141123 - -1?
141124
In base 14, what is -4 - -181bb?
181b7
In base 16, what is 5 - 433b?
-4336
In base 6, what is 255 + -213103?
-212404
In base 9, what is -2 - -1420242?
1420240
In base 7, what is 2113261 - -1?
2113262
In base 12, what is 21 - -4571?
4592
In base 8, what is -2 - -230?
226
In base 6, what is 1532 - 13025?
-11053
In base 10, what is -2 - 7370?
-7372
In base 6, what is 230421 - -10?
230431
In base 8, what is 1 + 5637?
5640
In base 7, what is -1 - -126405?
126404
In base 16, what is -12 + -52eb?
-52fd
In base 9, what is 4585 - -156?
4752
In base 3, what is 2 + 1110100100?
1110100102
In base 11, what is 1 - 30264?
-30263
In base 13, what is -4 - 296ab?
-296b2
In base 5, what is 1214013 - 100?
1213413
In base 3, what is -2011112222 + 0?
-2011112222
In base 4, what is 32121330 - 3?
32121321
In base 15, what is 2 - -78c?
78e
In base 12, what is -114ba - -7a?
-11440
In base 4, what is 10 + -3133302?
-3133232
In base 10, what is 346670 + 10?
346680
In base 8, what is -7 - 15653?
-15662
In base 10, what is -3962 + 31?
-3931
In base 11, what is -32a6a - 4?
-32a73
In base 12, what is -1b194a - -4?
-1b1946
In base 8, what is 230542 - 0?
230542
In base 2, what is -1110101111000 - -101?
-1110101110011
In base 6, what is 1423453 + 10?
1423503
In base 4, what is -10 + -122111331?
-122112001
In base 9, what is -61 + -2747?
-2818
In base 12, what is 3245 + -170?
3095
In base 14, what is -10b5 + 98?
-101b
In base 5, what is -2 - -31023?
31021
In base 2, what is -100000 - -10010000110?
10001100110
In base 4, what is 2 - 1013330?
-1013322
In base 7, what is 4 - -14460225?
14460232
In base 6, what is 1335 - -1015?
2354
In base 14, what is -491 - -58?
-437
In base 12, what is 192a9 + 1?
192aa
In base 8, what is -4 - 754456?
-754462
In base 2, what is -110 - -101100101110?
101100101000
In base 14, what is -45b57 + -5?
-45b5c
In base 15, what is 1892 - -39?
18cb
In base 3, what is -21210102 + 11?
-21210021
In base 12, what is 10931a + -3?
109317
In base 3, what is 11 + 121220221?
121221002
In base 5, what is 30 - 443443?
-443413
In base 14, what is 1913 + d?
1922
In base 13, what is 3b + 5889?
58c7
In base 4, what is 101322230 - -12?
101322302
In base 10, what is -639 - -861?
222
In base 7, what is -3 + -350036?
-350042
In base 9, what is 334768 + 4?
334773
In base 16, what is -1b - -6215?
61fa
In base 16, what is 116 - 35?
e1
In base 8, what is 2 + -3314106?
-3314104
In base 16, what is -b - -bfc?
bf1
In base 7, what is -11364 - 266?
-11663
In base 14, what is 0 + 6b389?
6b389
In base 11, what is 16871 - -2?
16873
In base 14, what is 1370 - 2?
136c
In base 9, what is 6 - 48131?
-48124
In base 5, what is 10 - 33322240?
-33322230
In base 16, what is 79 - -10c?
185
In base 10, what is 157 + -3192?
-3035
In base 13, what is -67a21 - 5?
-67a26
In base 14, what is -287acd - -4?
-287ac9
In base 7, what is -616 - 6?
-625
In base 12, what is 4a238 - -19?
4a255
In base 5, what is -2 + -11121224?
-11121231
In base 9, what is -1280328 - -7?
-1280321
In base 4, what is -33 - -220121?
220022
In base 3, what is 21 + 201022202?
201100000
In base 7, what is 412410 - 36?
412341
In base 15, what is 15a2a - -6?
15a31
In base 9, what is 22127 - -275?
22413
In base 15, what is -159 + 55?
-104
In base 14, what is -15613 - -4b?
-155a6
In base 8, what is 4143 + -47?
4074
In base 2, what is -100000 - 10011110000?
-10100010000
In base 3, what is -1122 - 12010?
-20202
In base 7, what is 1 - -656562?
656563
In base 9, what is 0 - 1323371?
-1323371
In base 12, what is ab535 + 12?
ab547
In base 15, what is -32 - 6ca?
-70c
In base 4, what is -2211 + -32103?
-100320
In base 4, what is 121 - 11312?
-11131
In base 12, what is 3 - 2a8153?
-2a8150
In base 12, what is -13 - 1a162?
-1a175
In base 14, what is 44 - 96?
-52
In base 12, what is 2 + 26b472?
26b474
In base 7, what is 15201 - 4?
15164
In base 9, what is 43841 - 2?
43838
In base 13, what is -6c8941 - -4?
-6c893a
In base 13, what is b2b64 + 4?
b2b68
In base 13, what is 23 + 179?
19c
In base 4, what is -2 - -32033133?
32033131
In base 2, what is -1011101101 - 11001?
-1100000110
In base 10, what is 5 - 60600?
-60595
In base 13, what is -118 - -120?
5
In base 11, what is -4 + 103a33?
103a2a
In base 13, what is 4 + -23c7?
-23c3
In base 9, what is 13606 - -441?
14147
In base 12, what is -12 - 4aa8?
-4aba
In base 14, what is -552 - -22?
-530
In base 8, what is 6730046 - 1?
6730045
In base 6, what is 1300221 + 5?
1300230
In base 8, what is -12734 + -626?
-13562
In base 12, what is -152b3 + 3?
-152b0
In base 5, what is 3 + -1234143?
-1234140
In base 7, what is 1650 - 10?
1640
In base 7, what is -13666 - 4?
-14003
In base 14, what is -2 + -364b1?
-364b3
In base 9, what is -1 - 1544558?
-1544560
In base 2, what is -10 - -10100011000010010?
10100011000010000
In base 3, what is 202212210 + 21?
202220001
In base 2, what is 1110111010110 + 1001?
1110111011111
In base 11, what is -23853 - 30?
-23883
In base 8, what is -2622 + -243?
-3065
In base 7, what is -4660 + 335?
-4322
In base 2, what is 110011000 - 11110001?
10100111
In base 11, what is -20a70 - -3?
-20a68
In base 16, what is 5 + -f71d?
-f718
In base 13, what is -833 - b0?
-913
In base 9, what is -23605 + -10?
-23615
In base 11, what is -a4000 + -1?
-a4001
In base 10, what is -1704 - -319?
-1385
In base 12, what is -5 - 8b345?
-8b34a
In base 10, what is -2 + -14710?
-14712
In base 15, what is -e7108 + -2?
-e710a
In base 15, what is 157 + -1311?
-11a9
In ba